 = h. List the prime factors of o.
3, 5, 11
Let f(m) = -4*m**2 + 113*m - 26. Let g be f(28). Suppose -4 = k, -g*x - 3*k + 172 = -x. What are the prime factors of x?
2, 23
Let l(i) = 2*i**2 + 7*i - 7. Let b be l(-4). List the prime factors of (2400/18)/((-1)/b).
2, 5
Suppose -6*c = -3851 - 12301. List the prime factors of c.
2, 673
Suppose -40482 = -3*i + 2*y, 124*y - 126*y = 3*i - 40494. List the prime factors of i.
2, 7, 241
What are the prime factors of 7 + (-640)/90 - (-71407)/9?
2, 3967
Suppose 0 = 6*w - 5235 - 9001 - 7688. What are the prime factors of w?
2, 3, 7, 29
Suppose 9*r - 29 - 16 = 0. Let a = 58 - 56. Suppose -r*o = -u - 1, a*o + 3*o - 46 = -4*u. List the prime factors of u.
3
Let j(p) = -12*p**3 - 2*p**2 - 4*p + 6. Let q be j(1). Let s(i) = -i**3 - 4*i**2 - 4*i - 3. Let h be s(-3). What are the prime factors of 1*(h - (-2 - -5)) - q?
3
Let i(f) = 10*f - 45. Let a be i(6). Let z be 2/6*a + 119. Suppose 0 = -2*q - 3*p + z, -6*q + 4*p + 186 = -3*q. List the prime factors of q.
2, 31
List the prime factors of 81/(-41 + 14) - (-23570 - 1).
2, 3, 491
Suppose 0 = -2*n - 7*n + 808385 - 192038. List the prime factors of n.
68483
Suppose -18*c = -16*c + 18. Let f(i) = -73*i + 88. What are the prime factors of f(c)?
5, 149
Let q be 25 - ((-4)/(-4) + -4). Let t(o) = 29*o + 5*o**3 - 22 - q*o**2 - 4*o**3 - 15. What are the prime factors of t(27)?
17
Suppose -3*s + 182 = 2*b, -3*s - 2*s = 5*b - 460. Let q = b + -92. What are the prime factors of (3 - (-6 - -10))/(q/(-66))?
3, 11
Let u = -340 - -848. Suppose -s = 5*p - 450, 3*p + u = s + 90. What are the prime factors of s?
2, 5, 43
Let n(f) = 119*f**2 - 48*f**2 - 9*f + 7 - f**3 + 11 - 62*f**2. Let u be n(9). List the prime factors of 9/1*3/((-27)/u).
3, 7
Suppose 6*l - 45765 = 1743. What are the prime factors of l?
2, 37, 107
Let a(s) = 31*s**3 + 2*s**2 - 2*s + 1. Let v be a(1). Let l be (v/12)/((-2)/(-15)). Suppose 85 = 21*i - l*i. List the prime factors of i.
5, 17
Suppose -116541 = -119*k + 1199004. What are the prime factors of k?
3, 5, 11, 67
Let z = 9999 - 5344. What are the prime factors of z?
5, 7, 19
Suppose -o - 5*s - 73 = 0, 0*o = -3*o + 3*s - 165. Let u(a) = 118*a**2 + 3*a + 3. Let p be u(-1). Let t = o + p. What are the prime factors of t?
2, 3, 5
Suppose -2*n = -2*v + 376, 0 = 5*n - 6 - 4. Suppose 0*z - 19*z = -v. Suppose 5*c - b = 1127, 0 + z = -5*b. List the prime factors of c.
3, 5
Let c(v) = -22*v**2 - 37*v - 8. Let x be c(-10). Let y = -735 - x. What are the prime factors of y?
1103
Let c = 280 + -275. Suppose 4*z - 3081 = -c*y - 936, 0 = -z - 4*y + 550. What are the prime factors of z?
2, 5, 53
Let q = 1209 - -242. Let b = q + -185. List the prime factors of b.
2, 3, 211
Suppose -19*n = -72140 - 921123. List the prime factors of n.
61, 857
Let z(l) = 5400*l**2 - 38*l - 59. List the prime factors of z(-2).
21617
Suppose 1487784 = 187*r - 317888. List the prime factors of r.
2, 17, 71
Let c = -224 + 228. Suppose -1204 = c*q - 3056. What are the prime factors of q?
463
Let d(j) = -17 + 16*j + 14*j**2 + 10*j - 3 - 15*j**2. Let c be d(25). Suppose -188 = -c*h + 722. What are the prime factors of h?
2, 7, 13
Suppose 0 = -23*f - 56*f + 2116518 - 252434. List the prime factors of f.
2, 17, 347
Suppose 2*t = 7*a - 11*a + 490, -4*a = 4*t - 484. Suppose 0*l + l = 4*g - a, -2*l - 8 = 0. List the prime factors of g.
2, 3, 5
Let u(s) = -s**2 + 18*s - 30. Let t be u(16). Suppose 2052 = 23*p - 20*p + 4*l, -1368 = -t*p - l. What are the prime factors of p?
2, 3, 19
Let n(k) = -k**3 - 5*k**2 - 10*k - 47. Let l be n(-5). What are the prime factors of (-6756)/(-24)*(-1 + l)?
563
Suppose 7*p = -57 + 1. What are the prime factors of ((-268)/6)/(p/132)?
11, 67
Let u(h) be the first derivative of 4*h**3 - 9*h**2/2 + 7*h - 4. Suppose -25 + 11 = 2*g + 5*o, 0 = -4*g - 3*o. List the prime factors of u(g).
2, 11
Let p = 39 - 1012. Let g = p - -1429. Suppose 4*w + g = 4*r, r - 2*w = -0*r + 113. What are the prime factors of r?
5, 23
Let h(x) = -x**3 - 3*x**2 - 13*x + 20778. List the prime factors of h(0).
2, 3, 3463
Suppose -10*t + 7*t = 4*b + 890, 3*b = -3*t - 891. Let f = t + 558. What are the prime factors of f?
2, 5, 13
Let z(s) = 386*s + 201. Let l be z(16). Suppose -67*a = -60*a - l. List the prime factors of a.
911
Suppose -3*n + 2*r = -85246, 5*n - r = 178479 - 36386. What are the prime factors of n?
2, 5, 7, 29
Let z be (-6)/(-2) - 9/(54/(-2616)). Suppose 6*d + z - 10945 = 0. What are the prime factors of d?
17, 103
Suppose 55*r = 47*r. Suppose r = 5*p + 616 - 1676. List the prime factors of p.
2, 53
Let r = 78 + -10. Let o = r - 69. Let m(b) = 53*b**2 + b + 1. What are the prime factors of m(o)?
53
Let i(v) = 188*v + 4082. List the prime factors of i(89).
2, 3, 3469
Suppose -4040 = 174*v - 179*v. Suppose 5*u - v - 387 = 0. List the prime factors of u.
239
Let a(k) = 2*k**2 + 3*k + 1. Let j be a(-1). Suppose 0*l + 2*l = j. Suppose -395 = -4*t - h, 9 = 3*h - l*h. What are the prime factors of t?
2, 7
Suppose 3*q - 4*b - 60692 + 24327 = 0, 0 = 5*b + 10. List the prime factors of q.
12119
Suppose -3*g + 4792 = 5*q, g = -3*q - 95 + 1687. What are the prime factors of g?
2, 401
Suppose 2*g + l - 6 = 2, 0 = g + 5*l - 4. Let u be g/(-18) + -2 + (-1825)/9. Let w = u - -429. What are the prime factors of w?
2, 7
Let o = 1 - -47. Let f be o/26 + (-2)/(-13). List the prime factors of (-4)/2*(-74)/f.
2, 37
Suppose 5*w - 8*r + 16*r = 82772, -3*w + 49722 = -5*r. What are the prime factors of w?
2, 41, 101
Suppose 903*y - 6575 = 902*y. List the prime factors of y.
5, 263
Let y(l) = 3*l**2 - 19*l + 146. Suppose -844*u = -849*u + 65. What are the prime factors of y(u)?
2, 7, 29
Let p(y) = y**3 - 55*y**2 - 224*y - 117. List the prime factors of p(60).
3, 1481
Suppose 7*a + 44006 - 215978 = -29*a. What are the prime factors of a?
17, 281
Let a(t) = -61*t + 23. Let p be 3/(-2) - (-703)/(-74). List the prime factors of a(p).
2, 347
Suppose -6*s = -4*l - 2*s + 8, 0 = -5*l - 3*s + 18. Suppose -20*v + 3 = -17*v, 4*t = -l*v + 4815. What are the prime factors of t?
3, 401
Let k(g) = -g**2 + 13*g + 14. Let q be k(13). Suppose q*j - 7 = 7*j. List the prime factors of ((-1 - 1) + j)*-151.
151
Let t = 4056 + -490. What are the prime factors of t?
2, 1783
Let q = 39429 + -7935. What are the prime factors of q?
2, 3, 29, 181
List the prime factors of (-12 + 72604/(-56))*(3 + -16 - 3).
2, 2617
Let c be 15/6 - 3/(-2). Suppose -c*y - 301 = 3*y. Let u = 50 + y. List the prime factors of u.
7
List the prime factors of 9 + (51904/80)/(4/40).
73, 89
Suppose -14 = -5*n + 6. Suppose n = 5*i - 11. Suppose i*q - 2*c = -124 + 480, q - 100 = -4*c. List the prime factors of q.
2, 29
Let d be (-1)/(((-18)/15)/(-6)). Let r be d/(-3 - (-2 - 2 - -2)). Suppose -4*q + 118 = r*v, 0 = 5*q - 2*v - 70 - 94. What are the prime factors of q?
2
Suppose 996*p - 278992 = -4*h + 1000*p, -5*p = -4*h + 278990. List the prime factors of h.
2, 3, 5, 31
Let a(t) = 8677*t - 1658. List the prime factors of a(2).
2, 3, 109
Let g = -76 - -138. Suppose 4*c - g = -0*c - 2*t, -4*c + t = -59. What are the prime factors of 3/c - (-1602)/15?
107
Let v = -51 + 31. Suppose -15*j - 35 = j + 109. List the prime factors of j*v/(-50)*(-50)/6.
2, 3, 5
Let z = 27 + -22. Suppose z*y - 1002 = 958. List the prime factors of y.
2, 7
Suppose -14*h = -55361 - 107669. What are the prime factors of h?
5, 17, 137
Let n(z) = -69*z - 31. Suppose -2*v + 3*v - q = -12, -2*v - 39 = -5*q. What are the prime factors of n(v)?
2, 113
What are the prime factors of (51225/(-10) - -6)*(-11)/((-99)/(-6))?
3, 379
List the prime factors of 1961 - (7 - (-135)/(-9)).
11, 179
Let i = 32 + -21. Let l(h) be the second derivative of h**4/6 - 4*h**3/3 - 6*h**2 + h. What are the prime factors of l(i)?
2, 71
Let y(z) = -2*z - 7. Let d be y(-5). Suppose d*u + u = 5*f + 16, 8 = -f + 2*u. Suppose -v - 3*o + 79 = 0, v = -f*v + 3*o + 61. What are the prime factors of v?
2, 5, 7
Let t be (5 + -4)/(1/(-4)). Let p be (1/3)/(t/804). What are the prime factors of -2 + (-1 - (p + 3))?
61
Let h = -590 - -599. Suppose -h*i + 1285 = -13637. What are the prime factors of i?
2, 829
Let m = -8147 + 15234. List the prime factors of m.
19, 373
Let u(n) = 15*n**2 + 20*n + 234. List the prime factors of u(-26).
2, 13, 379
Let